.
32
What is the greatest common divisor of 775 and 7595?
155
Calculate the highest common divisor of 699 and 39.
3
Calculate the highest common factor of 1360 and 85.
85
Calculate the highest common divisor of 56 and 16.
8
Calculate the highest common divisor of 41 and 41.
41
Calculate the highest common divisor of 3008 and 64.
64
What is the greatest common divisor of 240 and 1460?
20
Calculate the highest common divisor of 305 and 183.
61
What is the highest common divisor of 544 and 34?
34
Calculate the highest common divisor of 117 and 1833.
39
Calculate the highest common divisor of 711 and 117.
9
Calculate the highest common factor of 2996 and 56.
28
Calculate the highest common divisor of 147 and 273.
21
Calculate the highest common factor of 9 and 2259.
9
Calculate the highest common factor of 25 and 400.
25
What is the greatest common factor of 4688 and 16?
16
What is the highest common divisor of 639 and 9?
9
Calculate the highest common factor of 3004 and 16.
4
What is the greatest common divisor of 1316 and 56?
28
What is the highest common divisor of 214 and 2?
2
Calculate the highest common factor of 201 and 67.
67
What is the greatest common divisor of 2212 and 44?
4
Calculate the highest common divisor of 482 and 2.
2
Calculate the greatest common factor of 86 and 3139.
43
Calculate the greatest common divisor of 2 and 2.
2
What is the greatest common factor of 43 and 1?
1
Calculate the highest common factor of 10 and 2050.
10
What is the highest common factor of 1035 and 45?
45
Calculate the highest common divisor of 64 and 3392.
64
Calculate the highest common divisor of 46 and 12926.
46
What is the greatest common divisor of 710 and 852?
142
Calculate the greatest common divisor of 2255 and 41.
41
What is the greatest common factor of 52 and 234?
26
What is the greatest common divisor of 6202 and 14?
14
Calculate the greatest common factor of 2112 and 5184.
192
What is the highest common divisor of 768 and 24?
24
What is the greatest common factor of 600 and 625?
25
Calculate the greatest common factor of 4 and 22364.
4
Calculate the highest common factor of 858 and 156.
78
Calculate the highest common divisor of 256 and 48.
16
What is the greatest common factor of 60 and 1308?
12
Calculate the greatest common factor of 7906 and 402.
134
What is the highest common factor of 552 and 60?
12
What is the highest common factor of 228 and 399?
57
What is the greatest common factor of 764 and 16?
4
What is the greatest common divisor of 2120 and 40?
40
Calculate the greatest common factor of 1027 and 13.
13
What is the highest common factor of 63 and 45?
9
What is the highest common divisor of 2718 and 144?
18
What is the highest common factor of 60 and 2532?
12
Calculate the greatest common factor of 126 and 2106.
18
Calculate the greatest common factor of 143 and 77.
11
What is the highest common divisor of 18 and 66?
6
What is the highest common divisor of 1896 and 24?
24
What is the greatest common divisor of 105 and 11205?
15
What is the highest common divisor of 522 and 725?
29
Calculate the greatest common factor of 36 and 3222.
18
Calculate the greatest common factor of 31 and 992.
31
Calculate the highest common divisor of 528 and 16104.
264
What is the highest common factor of 24 and 258?
6
Calculate the greatest common factor of 189 and 33.
3
Calculate the greatest common factor of 840 and 45.
15
What is the greatest common divisor of 485 and 35?
5
What is the greatest common divisor of 52 and 1937?
13
What is the greatest common divisor of 975 and 25?
25
Calculate the highest common factor of 28 and 91.
7
What is the greatest common divisor of 4876 and 184?
92
Calculate the highest common divisor of 4402 and 426.
142
What is the greatest common divisor of 132 and 77?
11
Calculate the highest common divisor of 103 and 1.
1
What is the highest common divisor of 187 and 323?
17
What is the highest common factor of 15 and 25635?
15
Calculate the highest common divisor of 14 and 98.
14
Calculate the highest common factor of 330 and 9339.
33
What is the highest common divisor of 36 and 828?
36
Calculate the greatest common divisor of 446 and 7359.
223
Calculate the greatest common factor of 559 and 86.
43
What is the highest common divisor of 63 and 665?
7
What is the greatest common divisor of 62 and 1178?
62
What is the greatest common divisor of 467 and 8?
1
What is the greatest common factor of 668 and 8?
4
What is the highest common divisor of 7 and 203?
7
What is the greatest common divisor of 621 and 7659?
207
What is the greatest common divisor of 22 and 429?
11
Calculate the greatest common divisor of 15 and 52005.
15
What is the highest common factor of 119 and 27727?
119
What is the greatest common divisor of 171 and 551?
19
What is the greatest common divisor of 2555 and 35?
35
What is the highest common divisor of 425 and 100?
25
Calculate the highest common divisor of 273 and 42.
21
Calculate the highest common factor of 96 and 416.
32
What is the highest common divisor of 210 and 1155?
105
What is the greatest common factor of 1066 and 65?
13
What is the greatest common factor of 115 and 22885?
115
Calculate the greatest common divisor of 35 and 3535.
35
What is the highest common factor of 114 and 56544?
114
What is the highest common divisor of 154 and 21?
7
What is the greatest common divisor of 5346 and 1080?
54
Calculate the highest common factor of 350 and 20.
10
Calculate the highest common factor of 40 and 24.
8
Calculate the greatest common factor of 170 and 60.
10
Calculate the highest common factor of 28 and 476.
28
What is the highest common divisor of 582 and 1067?
97
What is the highest common factor of 34 and 986?
34
Calculate the greatest common divisor of 165 and 2739.
33
What is the greatest common divisor of 14 and 2?
2
What is the highest common factor of 3 and 30?
3
Calculate the highest common factor of 33180 and 237.
237
What is the highest common factor of 18 and 882?
18
Calculate the highest common divisor of 990 and 30.
30
What is the greatest common factor of 72 and 1020?
12
What is the highest common factor of 100 and 20?
20
Calculate the highest common factor of 49 and 259.
7
What is the greatest common divisor of 3925 and 100?
25
What is the highest common divisor of 299 and 39?
13
Calculate the highest common divisor of 16 and 568.
8
What is the greatest common divisor of 1505 and 1075?
215
Calculate the greatest common divisor of 139 and 2224.
139
What is the greatest common factor of 12 and 4?
4
Calculate the highest common factor of 123 and 164.
41
What is the greatest common factor of 490 and 805?
35
What is the greatest common divisor of 13 and 1066?
13
What is the greatest common factor of 793 and 91?
13
What is the greatest common factor of 448 and 14?
14
Calculate the greatest common factor of 16 and 14.
2
Calculate the highest common factor of 16841 and 11.
11
Calculate the highest common divisor of 41648 and 304.
304
Calculate the highest common divisor of 19120 and 16.
16
Calculate the highest common factor of 35840 and 280.
280
Calculate the highest common divisor of 1698 and 3.
3
What is the highest common factor of 130 and 104?
26
What is the greatest common factor of 4134 and 143?
13
What is the highest common divisor of 520 and 160?
40
Calculate the greatest common divisor of 2322 and 172.
86
Calculate the greatest common divisor of 703 and 19.
19
What is the greatest common divisor of 66 and 682?
22
What is the highest common divisor of 112 and 176?
16
What is the greatest common factor of 50 and 775?
25
What is the greatest common factor of 49 and 14?
7
Calculate the highest common divisor of 799 and 51.
17
Calculate the greatest common divisor of 108 and 4.
4
Calculate the greatest common divisor of 9345 and 2136.
267
Calculate the greatest common divisor of 4 and 21.
1
What is the greatest common divisor of 204 and 72?
12
Calculate the greatest common factor of 174 and 18.
6
Calculate the highest common divisor of 7494 and 12.
6
Calculate the highest common divisor of 33362 and 42.
14
Calculate the highest common divisor of 704 and 572.
44
Calculate the greatest common factor of 316 and 3871.
79
What is the greatest common factor of 972 and 12?
12
Calcula